{"id":273,"date":"2011-09-28T19:45:41","date_gmt":"2011-09-28T19:45:41","guid":{"rendered":"http:\/\/www.jarmosalow.com\/sivut\/?page_id=273"},"modified":"2011-10-02T18:57:16","modified_gmt":"2011-10-02T18:57:16","slug":"jalkojen-venytykset","status":"publish","type":"page","link":"https:\/\/www.jarmosalow.com\/sivut\/?page_id=273","title":{"rendered":"Jalkojen venytykset"},"content":{"rendered":"<p><\/p>\n<div style=\"font-size: 14px;\"><a title=\"K\u00e4sien venytykset\" href=\"http:\/\/www.jarmosalow.com\/sivut\/?page_id=267\">K\u00e4sien venytykset<\/a> | <a title=\"Sel\u00e4n ja vatsan venytykset\" href=\"http:\/\/www.jarmosalow.com\/sivut\/?page_id=271\">Sel\u00e4n ja vatsan venytykset<\/a> | <a title=\"Jalkojen venytykset\" href=\"http:\/\/www.jarmosalow.com\/sivut\/?page_id=273\">Jalkojen venytykset<\/a> | <a title=\"Hartioiden venytykset\" href=\"http:\/\/www.jarmosalow.com\/sivut\/?page_id=275\">Hartioiden venytykset<\/a><\/div>\n<table width=\"720\" border=\"0\" cellpadding=\"10\">\n<tbody>\n<tr>\n<td valign=\"top\" width=\"360\">\u00a0<img loading=\"lazy\" decoding=\"async\" class=\"alignleft size-full wp-image-227\" title=\"jarmo 015v\" src=\"http:\/\/www.jarmosalow.com\/sivut\/wp-content\/uploads\/2011\/09\/jarmo-015v.jpg\" alt=\"\" width=\"255\" height=\"340\" srcset=\"https:\/\/www.jarmosalow.com\/sivut\/wp-content\/uploads\/2011\/09\/jarmo-015v.jpg 255w, https:\/\/www.jarmosalow.com\/sivut\/wp-content\/uploads\/2011\/09\/jarmo-015v-225x300.jpg 225w, https:\/\/www.jarmosalow.com\/sivut\/wp-content\/uploads\/2011\/09\/jarmo-015v-112x150.jpg 112w\" sizes=\"auto, (max-width: 255px) 100vw, 255px\" \/><\/td>\n<td valign=\"top\" width=\"360\"><strong>Pohkeen lihasten venytys<\/strong><\/p>\n<p>Nosta venytett\u00e4v\u00e4n jalan p\u00e4ki\u00e4 sein\u00e4\u00e4 vasten, paina kantap\u00e4\u00e4 lattiaan ja oikaise polvi. N\u00e4in venytys kohdistuu pinnalliseen lihakseen (gastrocnemius) eniten. Jos pid\u00e4t polvea hieman koukussa, kohdistuu venytys enemm\u00e4n alempaan kerrokseen(soleus, Flexor digitorum-ja hallucis longus).<\/td>\n<\/tr>\n<tr>\n<td valign=\"top\" width=\"360\">\u00a0<img loading=\"lazy\" decoding=\"async\" class=\"alignleft size-full wp-image-208\" title=\"jarmo 016v\" src=\"http:\/\/www.jarmosalow.com\/sivut\/wp-content\/uploads\/2011\/09\/jarmo-016v.jpg\" alt=\"\" width=\"255\" height=\"340\" srcset=\"https:\/\/www.jarmosalow.com\/sivut\/wp-content\/uploads\/2011\/09\/jarmo-016v.jpg 255w, https:\/\/www.jarmosalow.com\/sivut\/wp-content\/uploads\/2011\/09\/jarmo-016v-225x300.jpg 225w, https:\/\/www.jarmosalow.com\/sivut\/wp-content\/uploads\/2011\/09\/jarmo-016v-112x150.jpg 112w\" sizes=\"auto, (max-width: 255px) 100vw, 255px\" \/><\/td>\n<td valign=\"top\" width=\"360\"><strong>S\u00e4\u00e4ren etuosa (tibialis anterior, extensor hallucis-ja digitorum longus)<\/strong><\/p>\n<p>Seiso sein\u00e4n vieress\u00e4 ja ota tukea sein\u00e4st\u00e4. Nosta venytett\u00e4v\u00e4 jalka irti lattiasta, ojenna nilkka, koukista varpaat ja paina jalkaa lattiaa vasten hieman etuviistoon. Pid\u00e4 polvi hieman koukussa. Tunnet venytyksen s\u00e4\u00e4ren etuosassa, nilkasta yl\u00f6sp\u00e4in.<\/td>\n<\/tr>\n<tr>\n<td valign=\"top\" width=\"360\">\u00a0<img loading=\"lazy\" decoding=\"async\" class=\"alignleft size-full wp-image-225\" title=\"jarmo 043v\" src=\"http:\/\/www.jarmosalow.com\/sivut\/wp-content\/uploads\/2011\/09\/jarmo-043v.jpg\" alt=\"\" width=\"255\" height=\"340\" srcset=\"https:\/\/www.jarmosalow.com\/sivut\/wp-content\/uploads\/2011\/09\/jarmo-043v.jpg 255w, https:\/\/www.jarmosalow.com\/sivut\/wp-content\/uploads\/2011\/09\/jarmo-043v-225x300.jpg 225w, https:\/\/www.jarmosalow.com\/sivut\/wp-content\/uploads\/2011\/09\/jarmo-043v-112x150.jpg 112w\" sizes=\"auto, (max-width: 255px) 100vw, 255px\" \/><\/td>\n<td valign=\"top\" width=\"360\"><strong>S\u00e4\u00e4ren sivun venytys (peroneus lihakset)<\/strong><\/p>\n<p>Ota tukea sein\u00e4st\u00e4. K\u00e4\u00e4nn\u00e4 jalkater\u00e4\u00e4 nilkasta sis\u00e4kiertoon ja paina sit\u00e4 varovasti lattiaa vasten. Taivuta samalla yl\u00e4vartaloasi eteen\/alasp\u00e4in, niin tunnet venytyksen paremmin s\u00e4\u00e4ren sivulla.<\/td>\n<\/tr>\n<tr>\n<td valign=\"top\" width=\"360\">\u00a0<img loading=\"lazy\" decoding=\"async\" class=\"alignleft size-full wp-image-210\" title=\"jarmo 019v\" src=\"http:\/\/www.jarmosalow.com\/sivut\/wp-content\/uploads\/2011\/09\/jarmo-019v.jpg\" alt=\"\" width=\"255\" height=\"340\" srcset=\"https:\/\/www.jarmosalow.com\/sivut\/wp-content\/uploads\/2011\/09\/jarmo-019v.jpg 255w, https:\/\/www.jarmosalow.com\/sivut\/wp-content\/uploads\/2011\/09\/jarmo-019v-225x300.jpg 225w, https:\/\/www.jarmosalow.com\/sivut\/wp-content\/uploads\/2011\/09\/jarmo-019v-112x150.jpg 112w\" sizes=\"auto, (max-width: 255px) 100vw, 255px\" \/><\/td>\n<td valign=\"top\" width=\"360\"><strong>Etureiden venytys (quadriceps femoris)<\/strong><\/p>\n<p>Ota kiinni venytett\u00e4v\u00e4n jalan nilkasta ja ved\u00e4 kantap\u00e4\u00e4t\u00e4 kohti pakaraa. Pid\u00e4 vartalo t\u00e4ysin suorassa ja venytett\u00e4v\u00e4 jalka samassa linjassa vartalon kanssa. Jos et pysy tasapainossa, voit nojata sein\u00e4\u00e4n.<\/td>\n<\/tr>\n<tr>\n<td valign=\"top\" width=\"360\">\u00a0<img loading=\"lazy\" decoding=\"async\" class=\"alignleft size-full wp-image-211\" title=\"jarmo 022v\" src=\"http:\/\/www.jarmosalow.com\/sivut\/wp-content\/uploads\/2011\/09\/jarmo-022v.jpg\" alt=\"\" width=\"255\" height=\"340\" srcset=\"https:\/\/www.jarmosalow.com\/sivut\/wp-content\/uploads\/2011\/09\/jarmo-022v.jpg 255w, https:\/\/www.jarmosalow.com\/sivut\/wp-content\/uploads\/2011\/09\/jarmo-022v-225x300.jpg 225w, https:\/\/www.jarmosalow.com\/sivut\/wp-content\/uploads\/2011\/09\/jarmo-022v-112x150.jpg 112w\" sizes=\"auto, (max-width: 255px) 100vw, 255px\" \/><\/td>\n<td valign=\"top\" width=\"360\"><strong>Takareiden venytys (hamstring -lihakset)<\/strong><\/p>\n<p>Nosta venytett\u00e4v\u00e4n jalan kantap\u00e4\u00e4 jakkaran p\u00e4\u00e4lle. Taivuta yl\u00e4vartaloa kohti venytett\u00e4v\u00e4\u00e4 jalkaa py\u00f6rist\u00e4m\u00e4tt\u00e4 selk\u00e4\u00e4si. Paina k\u00e4sill\u00e4 polvea alasp\u00e4in, ett\u00e4 jalka pysyy suorassa.<\/td>\n<\/tr>\n<tr>\n<td valign=\"top\" width=\"360\">\u00a0<img loading=\"lazy\" decoding=\"async\" class=\"alignleft size-full wp-image-212\" title=\"jarmo 023v\" src=\"http:\/\/www.jarmosalow.com\/sivut\/wp-content\/uploads\/2011\/09\/jarmo-023v.jpg\" alt=\"\" width=\"255\" height=\"340\" srcset=\"https:\/\/www.jarmosalow.com\/sivut\/wp-content\/uploads\/2011\/09\/jarmo-023v.jpg 255w, https:\/\/www.jarmosalow.com\/sivut\/wp-content\/uploads\/2011\/09\/jarmo-023v-225x300.jpg 225w, https:\/\/www.jarmosalow.com\/sivut\/wp-content\/uploads\/2011\/09\/jarmo-023v-112x150.jpg 112w\" sizes=\"auto, (max-width: 255px) 100vw, 255px\" \/><\/td>\n<td valign=\"top\" width=\"360\"><strong>Pakaralihasten venytys (cluteus medius ja tensor fascia latae)<\/strong><\/p>\n<p>Istu jakkaralle ja nosta venytett\u00e4v\u00e4 jalka ristiin toisen polven p\u00e4\u00e4lle. Paina venytett\u00e4v\u00e4n puolen povesta alasp\u00e4in Venytyksen tehostamiseksi taivuta vartaloasi alasp\u00e4in ja vastakkaiselle sivulle. Venytys tuntuu pakaran sivulla (tensor fascia latae).<\/td>\n<\/tr>\n<tr>\n<td valign=\"top\" width=\"360\">\u00a0<img loading=\"lazy\" decoding=\"async\" class=\"alignleft size-full wp-image-215\" title=\"jarmo 026v\" src=\"http:\/\/www.jarmosalow.com\/sivut\/wp-content\/uploads\/2011\/09\/jarmo-026v.jpg\" alt=\"\" width=\"340\" height=\"255\" srcset=\"https:\/\/www.jarmosalow.com\/sivut\/wp-content\/uploads\/2011\/09\/jarmo-026v.jpg 340w, https:\/\/www.jarmosalow.com\/sivut\/wp-content\/uploads\/2011\/09\/jarmo-026v-300x225.jpg 300w, https:\/\/www.jarmosalow.com\/sivut\/wp-content\/uploads\/2011\/09\/jarmo-026v-150x112.jpg 150w\" sizes=\"auto, (max-width: 340px) 100vw, 340px\" \/><\/td>\n<td valign=\"top\" width=\"360\"><strong>Reiden l\u00e4hent\u00e4j\u00e4t<\/strong><\/p>\n<p>Istu lattialla. Levit\u00e4 siit\u00e4 jalkasi t\u00e4ysin suorina sivulle p\u00e4in. Ota k\u00e4sill\u00e4 tukea lattiasta. Venytyksen tehostamiseksi taivuta vartaloasi eteenp\u00e4in ja paina kyyn\u00e4rp\u00e4ill\u00e4 polvistasi.<\/td>\n<\/tr>\n<tr>\n<td valign=\"top\" width=\"360\">\u00a0<img loading=\"lazy\" decoding=\"async\" class=\"alignleft size-full wp-image-224\" title=\"jarmo 037v\" src=\"http:\/\/www.jarmosalow.com\/sivut\/wp-content\/uploads\/2011\/09\/jarmo-037v.jpg\" alt=\"\" width=\"340\" height=\"255\" srcset=\"https:\/\/www.jarmosalow.com\/sivut\/wp-content\/uploads\/2011\/09\/jarmo-037v.jpg 340w, https:\/\/www.jarmosalow.com\/sivut\/wp-content\/uploads\/2011\/09\/jarmo-037v-300x225.jpg 300w, https:\/\/www.jarmosalow.com\/sivut\/wp-content\/uploads\/2011\/09\/jarmo-037v-150x112.jpg 150w\" sizes=\"auto, (max-width: 340px) 100vw, 340px\" \/><\/td>\n<td valign=\"top\" width=\"360\"><strong>Lonkan koukistaja<\/strong><\/p>\n<p>Seisoma asennosta astu vasemmalla jalalla askel eteenp\u00e4in ja kyykisty. Ota k\u00e4sill\u00e4 tukea lattiasta vasemman jalan tasolta. Oikea jalka j\u00e4\u00e4 taakse l\u00e4hes suoraan K\u00e4\u00e4nn\u00e4 sit\u00e4 viel\u00e4 lonkasta sis\u00e4kiertoon. P\u00e4\u00e4st\u00e4 painoa k\u00e4silt\u00e4 enemm\u00e4n venytett\u00e4v\u00e4n jalan p\u00e4\u00e4lle ja rentouta oikea jalka.<\/td>\n<\/tr>\n<\/tbody>\n<\/table>\n<p><\/p>\n<div style=\"font-size: 14px;\"><a title=\"K\u00e4sien venytykset\" href=\"http:\/\/www.jarmosalow.com\/sivut\/?page_id=267\">K\u00e4sien venytykset<\/a> | <a title=\"Sel\u00e4n ja vatsan venytykset\" href=\"http:\/\/www.jarmosalow.com\/sivut\/?page_id=271\">Sel\u00e4n ja vatsan venytykset<\/a> | <a title=\"Jalkojen venytykset\" href=\"http:\/\/www.jarmosalow.com\/sivut\/?page_id=273\">Jalkojen venytykset<\/a> | <a title=\"Hartioiden venytykset\" href=\"http:\/\/www.jarmosalow.com\/sivut\/?page_id=275\">Hartioiden venytykset<\/a><\/div>\n","protected":false},"excerpt":{"rendered":"<p>K\u00e4sien venytykset | Sel\u00e4n ja vatsan venytykset | Jalkojen venytykset | Hartioiden venytykset \u00a0 Pohkeen lihasten venytys Nosta venytett\u00e4v\u00e4n jalan p\u00e4ki\u00e4 sein\u00e4\u00e4 vasten, paina kantap\u00e4\u00e4 lattiaan ja oikaise polvi. N\u00e4in venytys kohdistuu pinnalliseen lihakseen (gastrocnemius) eniten. Jos pid\u00e4t polvea hieman koukussa, kohdistuu venytys enemm\u00e4n alempaan kerrokseen(soleus, Flexor digitorum-ja hallucis longus). \u00a0 S\u00e4\u00e4ren etuosa (tibialis anterior, [&hellip;]<\/p>\n","protected":false},"author":1,"featured_media":0,"parent":6,"menu_order":0,"comment_status":"closed","ping_status":"closed","template":"","meta":{"footnotes":""},"class_list":["post-273","page","type-page","status-publish","hentry"],"_links":{"self":[{"href":"https:\/\/www.jarmosalow.com\/sivut\/index.php?rest_route=\/wp\/v2\/pages\/273","targetHints":{"allow":["GET"]}}],"collection":[{"href":"https:\/\/www.jarmosalow.com\/sivut\/index.php?rest_route=\/wp\/v2\/pages"}],"about":[{"href":"https:\/\/www.jarmosalow.com\/sivut\/index.php?rest_route=\/wp\/v2\/types\/page"}],"author":[{"embeddable":true,"href":"https:\/\/www.jarmosalow.com\/sivut\/index.php?rest_route=\/wp\/v2\/users\/1"}],"replies":[{"embeddable":true,"href":"https:\/\/www.jarmosalow.com\/sivut\/index.php?rest_route=%2Fwp%2Fv2%2Fcomments&post=273"}],"version-history":[{"count":13,"href":"https:\/\/www.jarmosalow.com\/sivut\/index.php?rest_route=\/wp\/v2\/pages\/273\/revisions"}],"predecessor-version":[{"id":357,"href":"https:\/\/www.jarmosalow.com\/sivut\/index.php?rest_route=\/wp\/v2\/pages\/273\/revisions\/357"}],"up":[{"embeddable":true,"href":"https:\/\/www.jarmosalow.com\/sivut\/index.php?rest_route=\/wp\/v2\/pages\/6"}],"wp:attachment":[{"href":"https:\/\/www.jarmosalow.com\/sivut\/index.php?rest_route=%2Fwp%2Fv2%2Fmedia&parent=273"}],"curies":[{"name":"wp","href":"https:\/\/api.w.org\/{rel}","templated":true}]}}