{"id":9,"date":"2011-09-09T19:40:52","date_gmt":"2011-09-09T19:40:52","guid":{"rendered":"http:\/\/www.jarmosalow.com\/sivut\/?page_id=9"},"modified":"2011-09-27T20:27:30","modified_gmt":"2011-09-27T20:27:30","slug":"hieronnat-2","status":"publish","type":"page","link":"https:\/\/www.jarmosalow.com\/sivut\/?page_id=9","title":{"rendered":"Hoitomenetelm\u00e4t"},"content":{"rendered":"<p>Hoitaessani k\u00e4yt\u00e4n kaikissa eri hoitoalan koulutuksissani oppimaani tietoutta hyv\u00e4kseni. Hoitomenetelmiini kuuluvat hieronta, tekninen hieronta, mobilisaatiot ja manipulaatiot.<\/p>\n<p>Yleens\u00e4 asiakas tulee \u201dpelkk\u00e4\u00e4n hierontaan\u201d, mutta aika usein huomaan kivun alkul\u00e4hteeksi muutakin kuin pelk\u00e4n lihaskireyden. Alkuhaastattelulla ja tutkimisella vaivan aiheuttajat saadaan kiinni parhaiten ja p\u00e4\u00e4st\u00e4\u00e4n selville onko hieronta- ja nivelk\u00e4sittelyist\u00e4 apua vaivaan tai voidaanko hierontahoitoja antaa ollenkaan esim. jonkin sairauden tai vamman takia.<\/p>\n<p>Hyvin usealla selk\u00e4rangan nikamat lukkiutuvat ja saattavat aiheuttaa oireita itse sel\u00e4ss\u00e4 ja muualla kehossa. Joskus hieronta ja nivelten mobilisaatio (nivelten liikehoito) aukovat n\u00e4it\u00e4 lukkotiloja ja rentouttavat ymp\u00e4r\u00f6ivi\u00e4 lihaksia. <\/p>\n<p>Aina kuitenkaan hieronta ja mobilisaatio eiv\u00e4t riit\u00e4 vaan on turvauduttava manipulaatioon. Hyvin usein vaikean lukkotilan laukaiseminen manipulaatiolla vaati 1-5 hoitokertaa ja pelk\u00e4ll\u00e4 hieronnalla ja mobilisaatiolla hoitokertoja voidaan tarvita moninkertainen m\u00e4\u00e4r\u00e4. Hoidossa kuunnellaan aina asiakasta enk\u00e4 koskaan tee manipulaatioita mik\u00e4li asiakas ei niit\u00e4 halua teht\u00e4v\u00e4n.<\/p>\n<p>Pelkk\u00e4 manipulaatiokaan ei yksin riit\u00e4. Jos esimerkiksi sel\u00e4n nikamalukko aukaistaan manipulaatiolla eik\u00e4 ymp\u00e4r\u00f6ivi\u00e4 kudoksia rentouteta hieronnalla ja venytyksill\u00e4, tilanne todenn\u00e4k\u00f6isesti palautuu entiselleen. Sama koskee kehon kaikkia niveli\u00e4.<\/p>\n<p>Monesti kuulee puhuttavan, ett\u00e4 jollain ihmisell\u00e4 on eri pituiset jalat. Todella harvoin n\u00e4in kuitenkaan on. Yleens\u00e4 syyn\u00e4 on SI-nivelten (alimman selk\u00e4nikaman alapuolella oleva luu, ristiluu sek\u00e4 siihen niveltyv\u00e4t lonkkaluut) lukot ja virheasennot sek\u00e4 selk\u00e4rangan nikamien lukot ja virheasennot. Kun n\u00e4m\u00e4 virheasennot saadaan korjattua niin yleens\u00e4 jaloistakin tulee samanmittaiset.<\/p>\n","protected":false},"excerpt":{"rendered":"<p>Hoitaessani k\u00e4yt\u00e4n kaikissa eri hoitoalan koulutuksissani oppimaani tietoutta hyv\u00e4kseni. Hoitomenetelmiini kuuluvat hieronta, tekninen hieronta, mobilisaatiot ja manipulaatiot. Yleens\u00e4 asiakas tulee \u201dpelkk\u00e4\u00e4n hierontaan\u201d, mutta aika usein huomaan kivun alkul\u00e4hteeksi muutakin kuin pelk\u00e4n lihaskireyden. Alkuhaastattelulla ja tutkimisella vaivan aiheuttajat saadaan kiinni parhaiten ja p\u00e4\u00e4st\u00e4\u00e4n selville onko hieronta- ja nivelk\u00e4sittelyist\u00e4 apua vaivaan tai voidaanko hierontahoitoja antaa ollenkaan esim. [&hellip;]<\/p>\n","protected":false},"author":1,"featured_media":0,"parent":0,"menu_order":10,"comment_status":"open","ping_status":"open","template":"","meta":{"footnotes":""},"class_list":["post-9","page","type-page","status-publish","hentry"],"_links":{"self":[{"href":"https:\/\/www.jarmosalow.com\/sivut\/index.php?rest_route=\/wp\/v2\/pages\/9","targetHints":{"allow":["GET"]}}],"collection":[{"href":"https:\/\/www.jarmosalow.com\/sivut\/index.php?rest_route=\/wp\/v2\/pages"}],"about":[{"href":"https:\/\/www.jarmosalow.com\/sivut\/index.php?rest_route=\/wp\/v2\/types\/page"}],"author":[{"embeddable":true,"href":"https:\/\/www.jarmosalow.com\/sivut\/index.php?rest_route=\/wp\/v2\/users\/1"}],"replies":[{"embeddable":true,"href":"https:\/\/www.jarmosalow.com\/sivut\/index.php?rest_route=%2Fwp%2Fv2%2Fcomments&post=9"}],"version-history":[{"count":13,"href":"https:\/\/www.jarmosalow.com\/sivut\/index.php?rest_route=\/wp\/v2\/pages\/9\/revisions"}],"predecessor-version":[{"id":32,"href":"https:\/\/www.jarmosalow.com\/sivut\/index.php?rest_route=\/wp\/v2\/pages\/9\/revisions\/32"}],"wp:attachment":[{"href":"https:\/\/www.jarmosalow.com\/sivut\/index.php?rest_route=%2Fwp%2Fv2%2Fmedia&parent=9"}],"curies":[{"name":"wp","href":"https:\/\/api.w.org\/{rel}","templated":true}]}}